{"id":46,"date":"2026-02-17T11:06:00","date_gmt":"2026-02-17T11:06:00","guid":{"rendered":"https:\/\/bkweb.hu\/?page_id=46"},"modified":"2026-02-24T16:41:09","modified_gmt":"2026-02-24T16:41:09","slug":"kezdooldal","status":"publish","type":"page","link":"https:\/\/bkweb.hu\/","title":{"rendered":"Kezd\u0151lap"},"content":{"rendered":"\n<p><\/p>\n\n\n\n<!DOCTYPE html>\n<html lang=\"hu\">\n<head>\n<meta charset=\"UTF-8\">\n<meta name=\"viewport\" content=\"width=device-width, initial-scale=1.0\">\n<title>BK Web \u00e9s IT &#8211; Kezd\u0151lap<\/title>\n<link rel=\"stylesheet\" href=\"style.css\">\n<\/head>\n<body>\n\n<header>\n <nav class=\"navbar\">\n  <div class=\"logo\">BK Web &#038; IT<\/div>\n  <ul class=\"nav-links\">\n    <li><a href=\"https:\/\/bkweb.hu\/\">Kezd\u0151lap<\/a><\/li>\n    <li><a href=\"https:\/\/bkweb.hu\/?page_id=73\">R\u00f3lam<\/a><\/li>\n    <li><a href=\"https:\/\/bkweb.hu\/?page_id=59\">Webfejleszt\u00e9s<\/a><\/li>\n    <li><a href=\"https:\/\/bkweb.hu\/?page_id=62\">IT seg\u00edts\u00e9gny\u00fajt\u00e1s<\/a><\/li>\n    <li><a href=\"https:\/\/bkweb.hu\/?page_id=64\">Kapcsolat<\/a><\/li>\n<li><a href=\"https:\/\/bkweb.hu\/?page_id=135\" style=\"color: #00ffff;\">Online fizet\u00e9s<\/a><\/li>\n  <\/ul>\n  <a href=\"https:\/\/bkweb.hu\/?page_id=66\" class=\"neon-btn\">Id\u0151pontfoglal\u00e1s<\/a>\n<\/nav>\n<\/header>\n\n<main class=\"hero-section\">\n  <div class=\"hero-content\">\n    <h1>Professzion\u00e1lis Webfejleszt\u00e9s<br>\u00e9s IT Megold\u00e1sok<\/h1>\n    <p>Gyors, letisztult weboldalak \u00e9s megb\u00edzhat\u00f3 informatikai seg\u00edts\u00e9gny\u00fajt\u00e1s egy helyen.<\/p>\n    <div class=\"hero-buttons\">\n      <a href=\"?page_id=59\" class=\"neon-btn\">Weboldalt szeretn\u00e9k<\/a>\n      <a href=\"?page_id=62\" class=\"black-neon-btn\">IT Probl\u00e9m\u00e1m van<\/a>\n    <\/div>\n  <\/div>\n<\/main>\n\n<div id=\"sikeresFoglalas\" style=\"display: none; position: fixed; top: 50%; left: 50%; transform: translate(-50%, -50%); background-color: #0b132b; border: 2px solid #00ffff; padding: 40px; border-radius: 10px; z-index: 9999; text-align: center; box-shadow: 0 0 30px #00ffff; width: 90%; max-width: 400px;\">\n  <h2 id=\"popupCim\" style=\"color: #00ffff; margin-top: 0; margin-bottom: 20px;\">Sikeres!<\/h2>\n  <p id=\"popupSzoveg\" style=\"color: #ffffff; font-size: 18px; margin-bottom: 30px;\">M\u0171velet v\u00e9grehajtva.<\/p>\n  <button onclick=\"document.getElementById('sikeresFoglalas').style.display='none';\" class=\"neon-btn\">Rendben<\/button>\n<\/div>\n<script>\ndocument.addEventListener('DOMContentLoaded', function() {\n    const timeInput = document.getElementById('foglalasIdo');\n\n    \/\/ Kisz\u00e1moljuk a holnapi d\u00e1tumot\n    const holnap = new Date();\n    holnap.setDate(holnap.getDate() + 1);\n\n    \/\/ Profi napt\u00e1r inicializ\u00e1l\u00e1sa\n    flatpickr(\"#foglalasDatum\", {\n        locale: \"hu\", \n        minDate: holnap, \/\/ \u00cdGY M\u00c1R CSAK HOLNAPT\u00d3L ENGEDI A FOGLAL\u00c1ST!\n        disable: [\n            function(date) {\n                \/\/ Letiltjuk a napokat, amik NEM Kedd (2), P\u00e9ntek (5), Szombat (6)\n                return (date.getDay() !== 2 && date.getDay() !== 5 && date.getDay() !== 6);\n            }\n        ],\n        onDayCreate: function(dObj, dStr, fp, dayElem) {\n            \/\/ Sz\u00ednez\u00e9s hozz\u00e1ad\u00e1sa a napokhoz\n            const day = dayElem.dateObj.getDay();\n            \/\/ A m\u00faltbeli \u00e9s a mai napot is kih\u00fazzuk a sz\u00ednez\u00e9sb\u0151l\n            const isPastOrToday = dayElem.dateObj < new Date().setHours(24,0,0,0);\n            \n            if (!isPastOrToday) {\n                if (day === 2 || day === 5 || day === 6) {\n                    dayElem.classList.add(\"szabad-nap\"); \/\/ Z\u00f6ld\n                } else {\n                    dayElem.classList.add(\"foglalt-nap\"); \/\/ Piros \u00e9s \u00e1th\u00fazott\n                }\n            }\n        },\n        onChange: function(selectedDates, dateStr, instance) {\n            if (selectedDates.length > 0) {\n                timeInput.removeAttribute('disabled');\n                const day = selectedDates[0].getDay();\n                \n                \/\/ \u00d3r\u00e1k korl\u00e1toz\u00e1sa a kiv\u00e1lasztott nap alapj\u00e1n\n                if(day === 6) {\n                    timeInput.setAttribute('min', '08:00');\n                    timeInput.setAttribute('max', '12:00');\n                } else {\n                    timeInput.setAttribute('min', '08:00');\n                    timeInput.setAttribute('max', '16:00');\n                }\n            }\n        }\n    });\n\n    \/\/ Egyedi hiba\u00fczenet az id\u0151ponthoz\n    timeInput.addEventListener('change', function() {\n        const time = this.value;\n        const min = this.getAttribute('min');\n        const max = this.getAttribute('max');\n\n        if(time && (time < min || time > max)) {\n            alert('Sajn\u00e1lom, de ezt az id\u0151pontot nem tudod lefoglalni! K\u00e9rlek, n\u00e9zd meg a napt\u00e1r feletti list\u00e1ban, hogy mely napokon \u00e9s mett\u0151l meddig vagyok el\u00e9rhet\u0151!');\n            this.value = ''; \/\/ Kit\u00f6rli a rossz id\u0151pontot\n        }\n    });\n});\n<\/script>\n<footer>\n\u00a0 <p>&copy; 2026 BK Web \u00e9s IT. Minden jog fenntartva.<\/p>\n  <p style=\"font-size: 0.85em; color: #888; margin-top: 8px;\">Egy\u00e9ni V\u00e1llalkoz\u00f3 (E.V.) | Ad\u00f3sz\u00e1m: 91805137-1-35<\/p>\n<\/footer>\n<\/body>\n<\/html>\n\n\n\n<p><\/p>\n","protected":false},"excerpt":{"rendered":"<p>BK Web \u00e9s IT &#8211; Kezd\u0151lap BK Web &#038; IT Kezd\u0151lap R\u00f3lam Webfejleszt\u00e9s IT seg\u00edts\u00e9gny\u00fajt\u00e1s Kapcsolat Online fizet\u00e9s Id\u0151pontfoglal\u00e1s Professzion\u00e1lis Webfejleszt\u00e9s\u00e9s IT Megold\u00e1sok Gyors, letisztult weboldalak \u00e9s megb\u00edzhat\u00f3 informatikai seg\u00edts\u00e9gny\u00fajt\u00e1s egy helyen. Weboldalt szeretn\u00e9k IT Probl\u00e9m\u00e1m van Sikeres! M\u0171velet v\u00e9grehajtva. Rendben \u00a0 &copy; 2026 BK Web \u00e9s IT. Minden jog fenntartva. Egy\u00e9ni V\u00e1llalkoz\u00f3 (E.V.) | <a href=\"https:\/\/bkweb.hu\/\" class=\"more-link\">&#8230;<span class=\"screen-reader-text\">  Kezd\u0151lap<\/span><\/a><\/p>\n","protected":false},"author":1,"featured_media":0,"parent":0,"menu_order":0,"comment_status":"closed","ping_status":"closed","template":"blank-slate-template.php","meta":{"footnotes":""},"class_list":["post-46","page","type-page","status-publish","hentry"],"_links":{"self":[{"href":"https:\/\/bkweb.hu\/index.php?rest_route=\/wp\/v2\/pages\/46","targetHints":{"allow":["GET"]}}],"collection":[{"href":"https:\/\/bkweb.hu\/index.php?rest_route=\/wp\/v2\/pages"}],"about":[{"href":"https:\/\/bkweb.hu\/index.php?rest_route=\/wp\/v2\/types\/page"}],"author":[{"embeddable":true,"href":"https:\/\/bkweb.hu\/index.php?rest_route=\/wp\/v2\/users\/1"}],"replies":[{"embeddable":true,"href":"https:\/\/bkweb.hu\/index.php?rest_route=%2Fwp%2Fv2%2Fcomments&post=46"}],"version-history":[{"count":16,"href":"https:\/\/bkweb.hu\/index.php?rest_route=\/wp\/v2\/pages\/46\/revisions"}],"predecessor-version":[{"id":139,"href":"https:\/\/bkweb.hu\/index.php?rest_route=\/wp\/v2\/pages\/46\/revisions\/139"}],"wp:attachment":[{"href":"https:\/\/bkweb.hu\/index.php?rest_route=%2Fwp%2Fv2%2Fmedia&parent=46"}],"curies":[{"name":"wp","href":"https:\/\/api.w.org\/{rel}","templated":true}]}}